{"id":3,"date":"2023-05-08T14:16:29","date_gmt":"2023-05-08T14:16:29","guid":{"rendered":"https:\/\/noleggiaauto.com\/dearcar\/?page_id=3"},"modified":"2024-02-06T12:52:28","modified_gmt":"2024-02-06T10:52:28","slug":"privacy-policy","status":"publish","type":"page","link":"https:\/\/noleggiaauto.com\/dearcar\/privacy-policy\/","title":{"rendered":"Privacy Policy"},"content":{"rendered":"<p>[et_pb_section fb_built=&#8221;1&#8243; _builder_version=&#8221;4.21.0&#8243; _module_preset=&#8221;default&#8221; custom_padding=&#8221;80px||80px||false|false&#8221; global_colors_info=&#8221;{}&#8221;][et_pb_row _builder_version=&#8221;4.21.0&#8243; _module_preset=&#8221;default&#8221; global_colors_info=&#8221;{}&#8221;][et_pb_column type=&#8221;4_4&#8243; _builder_version=&#8221;4.21.0&#8243; _module_preset=&#8221;default&#8221; global_colors_info=&#8221;{}&#8221;][et_pb_text _builder_version=&#8221;4.21.0&#8243; _module_preset=&#8221;default&#8221; header_text_align=&#8221;center&#8221; global_colors_info=&#8221;{}&#8221;]<\/p>\n<h1>Privacy Policy<\/h1>\n<p>[\/et_pb_text][\/et_pb_column][\/et_pb_row][\/et_pb_section][et_pb_section fb_built=&#8221;1&#8243; _builder_version=&#8221;4.21.0&#8243; _module_preset=&#8221;default&#8221; custom_padding=&#8221;||80px||false|false&#8221; global_colors_info=&#8221;{}&#8221;][et_pb_row _builder_version=&#8221;4.21.0&#8243; _module_preset=&#8221;default&#8221; global_colors_info=&#8221;{}&#8221;][et_pb_column type=&#8221;4_4&#8243; _builder_version=&#8221;4.21.0&#8243; _module_preset=&#8221;default&#8221; global_colors_info=&#8221;{}&#8221;][et_pb_text _builder_version=&#8221;4.22.2&#8243; _module_preset=&#8221;default&#8221; global_colors_info=&#8221;{}&#8221;]Ai sensi e per gli effetti del combinato disposto del Decreto Legislativo 196\/2003 (Codice Privacy) e del Regolamento Europeo 2016\/679 (Regolamento Generale sulla Protezione dei Dati o GDPR), la societ\u00e0<span>\u00a0<\/span><strong>Carrozzeria Colleoni snc di Carnevale Luca &#038; C<\/strong><span>\u00a0<\/span>con sede in<span>\u00a0<\/span><span>Via ai Campi Spini 41, 24127 Bergamo<\/span>, in qualit\u00e0 di Titolare del trattamento (di seguito Titolare), informa di quanto segue.<\/p>\n<p>La presente informativa sulla privacy resa disponibile e valida per il sito internet https:\/\/noleggiaauto.com\/dearcar.<\/p>\n<p><strong>\u200dArt. 1. Titolare del trattamento<\/strong><span>\u00a0<\/span>(la persona o l\u2019azienda che decide come e perch\u00e8 trattare i dati).<br \/>\nCarrozzeria Colleoni snc di Carnevale Luca &#038; C |<span>\u00a0<\/span><span> Via ai Campi Spini 41, 24127 Bergamo<\/span><span>\u00a0<\/span>| P.IVA: 00256370164 | email: rent@dear-car.it<\/p>\n<p><strong>\u200dArt. 2. Finalit\u00e0<\/strong><span>\u00a0<\/span>(lo scopo per cui raccogliamo i dati)<span>\u00a0<\/span><strong>e base giuridica<\/strong><span>\u00a0<\/span>(se un dato \u00e0 o meno obbligatorio per dare esecuzione al contratto, o se i dati necessitano il vostro specifico consenso per essere utilizzati).<\/p>\n<p>Il presente sito internet non tiene traccia e non raccoglie dati degli utenti connessi. E\u2019 presente un form contatti che permette agli interessati di comunicare direttamente con il titolare del trattamento. I dati trasmessi tramite form di contatto non sono archiviati automaticamente in database e non sono rilevati dati dei cookie presenti sui computer degli utenti.<br \/>\nL\u2019invio facoltativo, esplicito e volontario tramite la compilazione del form di contatto comporta la successiva acquisizione dell\u2019indirizzo email del mittente necessario per rispondere alle richieste, nonch\u00e8 degli eventuali altri dati personali inseriti facoltativamente dall\u2019interessato stesso. I campi obbligatori e necessari per poter rispondere alle richieste degli interessati sono: Nome, Indirizzo email e messaggio.<br \/>\nNon viene richiesto un esplicito consenso al trattamento dei dati in quanto c\u2019\u00e8 un legittimo interesse del Titolare ad utilizzare le informazioni fornite volontariamente dall\u2019interessato al fine di raggiungere le seguenti finalit\u00e0:<br \/>\n\u2013 rispondere alle richieste inviate;<br \/>\n\u2013 emettere preventivi, formulare proposte di contratto;<br \/>\n\u2013 adempiere agli obblighi previsti dalla legge, da un regolamento, dalla normativa comunitaria o da un ordine dell\u2019Autorit\u00e0;<br \/>\n\u2013 esercitare i diritti del Titolare, ad esempio l\u2019eventuale diritto di difesa in giudizio.<\/p>\n<p><strong>\u200dArt. 3. Durata del trattamento<\/strong><span>\u00a0<\/span>(per quanto tempo conserviamo i dati).<br \/>\nFatto salvo il termine di conservazione previsto dalle specifiche normative (es. fiscale, antiriciclaggio, ecc.), per l\u2019intera durata del contratto e per l\u2019intera durata di un eventuale contenzioso, il titolare del trattamento conserva i dati raccolti per un periodo massimo di 3 (tre) anni dal termine del rapporto con gli Interessati, in modo da per poter rispondere ad eventuali richieste degli stessi.<\/p>\n<p><strong>\u200dArt. 4. Modalit\u00e0 del trattamento<\/strong><span>\u00a0<\/span>(come usiamo i dati).<br \/>\nIl trattamento \u00e8 effettuato nei limiti strettamente necessari al raggiungimento delle finalit\u00e0 di cui sopra (vedi Art. 2), nel rispetto del principio di proporzionalit\u00e0 nella scelta delle modalit\u00e0 di ripresa e dislocazione e con l\u2019adozione di tutte le misure idonee a garantire la sicurezza e la riservatezza dei dati personali degli interessati.<\/p>\n<p><strong>\u200dArt. 5. Dove si trovano i dati raccolti?<\/strong><br \/>\nI dati sono trattati e archiviati presso la sede del Titolare e sugli strumenti aziendali utilizzati (es. computer). Tutti i dati (cartacei e digitali) sono protetti da adeguati sistemi di sicurezza in modo da garantirne la riservatezza e la salvaguardia. Tutti i dati sono fisicamente conservati in Italia. Alcuni file digitali possono essere archiviati in sistemi cloud. I fornitori sono stati selezionati in modo da garantire la salvaguardia e la riservatezza dei dati. Questi dispositivi sono fisicamente posizionati all\u2019interno dell\u2019Unione Europea.<\/p>\n<p><strong>\u200dArt. 6. A chi sono comunicati i dati?<\/strong><br \/>\nI dati non sono soggetti a comunicazione e diffusione a terzi, salvi gli obblighi derivanti dalla legge. In adempimento a tali obblighi i dati dei clienti possono essere trasmessi a soggetti terzi che effettuano il trattamento per conto del Titolare nella loro qualit\u00e0 di Responsabili esterni nominati ai sensi dell\u2019art. 28 GDPR (a titolo indicativo il commercialista per i dati relativi alla fatturazione), agli Istituti di Credito, a dipendenti e\/o collaboratori del Titolare nell\u2019espletamento della loro normale attivit\u00e0 di lavoro e\/o di collaborazione, quali persone autorizzate al trattamento, il cui elenco aggiornato \u00e0 comunque disponibile presso gli uffici del medesimo.<\/p>\n<p><strong>\u200dArt. 7. Diritti degli interessati<\/strong><span>\u00a0<\/span>(Artt. 15 e seguenti del GDPR).<br \/>\n<strong>Art. 15:<\/strong><span>\u00a0<\/span>Diritto di accesso, comprensivo del diritto di ottenere l\u2019indicazione del periodo di conservazione dei dati personali previsto, oppure se non \u00e0 possibile i criteri utilizzati per determinare tale periodo. Diritto di ottenere indicazione sull\u2019origine dei dati raccolti, nonch\u00e0 delle finalit\u00e0 e delle modalit\u00e0 di trattamento. Diritto di proporre in qualsiasi momento reclamo all\u2019Autorit\u00e0 di controllo: Garante Privacy: Piazza di Monte Citorio nr. 121, 00186 ROMA Tel. +39 06 696771 \u2013 PEC: protocollo@pec.gpdp.it<\/p>\n<p><strong>Art. 16:<\/strong><span>\u00a0<\/span>Diritto dell\u2019interessato di ottenere l\u2019aggiornamento, la rettifica ovvero l\u2019integrazione dei dati personali.<br \/>\n<strong>Art. 17:<\/strong><span>\u00a0<\/span>Diritto alla cancellazione e diritto all\u2019oblio.<br \/>\n<strong>Art. 18:<\/strong><span>\u00a0<\/span>Diritto di limitazione di trattamento, quando previsto.<br \/>\n<strong>Art. 19:<\/strong><span>\u00a0<\/span>Obbligo del titolare di notificare la rettifica, cancellazione e\/o limitazione<br \/>\n<strong>Art. 20:<\/strong><span>\u00a0<\/span>Diritto alla portabilit\u00e0 dei dati, qualora la tecnologia in essere lo permetta.<\/p>\n<p><strong>\u200dArt. 8. Istanze degli interessati<\/strong>.<br \/>\nLe istanze di cui al precedente Art. 7 potranno essere presentate dagli Interessati al Titolare del trattamento tramite lettera raccomandata o PEC (Posta elettronica certificata) agli indirizzi riportati al precedente Art. 1. In tutti i casi gli interessati dovranno allegare alla richiesta un proprio documento d\u2019identit\u00e0 in corso di validit\u00e0.[\/et_pb_text][\/et_pb_column][\/et_pb_row][\/et_pb_section]<\/p>\n","protected":false},"excerpt":{"rendered":"<p>Privacy PolicyAi sensi e per gli effetti del combinato disposto del Decreto Legislativo 196\/2003 (Codice Privacy) e del Regolamento Europeo 2016\/679 (Regolamento Generale sulla Protezione dei Dati o GDPR), la societ\u00e0\u00a0Carrozzeria Colleoni snc di Carnevale Luca &#038; C\u00a0con sede in\u00a0Via ai Campi Spini 41, 24127 Bergamo, in qualit\u00e0 di Titolare del trattamento (di seguito Titolare), [&hellip;]<\/p>\n","protected":false},"author":2,"featured_media":0,"parent":0,"menu_order":0,"comment_status":"closed","ping_status":"closed","template":"","meta":{"_et_pb_use_builder":"on","_et_pb_old_content":"","_et_gb_content_width":"","inline_featured_image":false,"footnotes":""},"_links":{"self":[{"href":"https:\/\/noleggiaauto.com\/dearcar\/wp-json\/wp\/v2\/pages\/3"}],"collection":[{"href":"https:\/\/noleggiaauto.com\/dearcar\/wp-json\/wp\/v2\/pages"}],"about":[{"href":"https:\/\/noleggiaauto.com\/dearcar\/wp-json\/wp\/v2\/types\/page"}],"author":[{"embeddable":true,"href":"https:\/\/noleggiaauto.com\/dearcar\/wp-json\/wp\/v2\/users\/2"}],"replies":[{"embeddable":true,"href":"https:\/\/noleggiaauto.com\/dearcar\/wp-json\/wp\/v2\/comments?post=3"}],"version-history":[{"count":0,"href":"https:\/\/noleggiaauto.com\/dearcar\/wp-json\/wp\/v2\/pages\/3\/revisions"}],"wp:attachment":[{"href":"https:\/\/noleggiaauto.com\/dearcar\/wp-json\/wp\/v2\/media?parent=3"}],"curies":[{"name":"wp","href":"https:\/\/api.w.org\/{rel}","templated":true}]}}